{"id":4520,"date":"2024-08-21T17:06:40","date_gmt":"2024-08-21T17:06:40","guid":{"rendered":"https:\/\/izoisipol.com\/?page_id=4520"},"modified":"2024-08-21T18:10:10","modified_gmt":"2024-08-21T18:10:10","slug":"ic-vei-dis-cephe-izolasyonu","status":"publish","type":"page","link":"https:\/\/www.izoisipol.com\/index.php\/ic-vei-dis-cephe-izolasyonu\/","title":{"rendered":"\u0130\u00c7 VE DI\u015e CEPHE \u0130ZOLASYONU"},"content":{"rendered":"\t\t<div data-elementor-type=\"wp-page\" data-elementor-id=\"4520\" class=\"elementor elementor-4520\" data-elementor-post-type=\"page\">\n\t\t\t\t<div class=\"elementor-element elementor-element-6e159fc5 e-con-full e-flex e-con e-parent\" data-id=\"6e159fc5\" data-element_type=\"container\" data-settings=\"{&quot;background_background&quot;:&quot;classic&quot;}\">\r\n\t\t<div class=\"elementor-element elementor-element-7a7185e0 e-con-full e-flex e-con e-child\" data-id=\"7a7185e0\" data-element_type=\"container\">\r\n\t\t\t\t<div class=\"elementor-element elementor-element-68621f8b elementor-widget elementor-widget-heading\" data-id=\"68621f8b\" data-element_type=\"widget\" data-widget_type=\"heading.default\">\n\t\t\t\t<div class=\"elementor-widget-container\">\n\t\t\t<h1 class=\"elementor-heading-title elementor-size-default\">\u0130\u00c7 VE DI\u015e CEPHE \u0130ZOLASYONU<\/h1>\t\t<\/div>\n\t\t\t\t<\/div>\n\t\t\t\t<\/div>\n\t\t\t\t<\/div>\n\t\t<div class=\"elementor-element elementor-element-7ea1b70 e-con-full e-flex e-con e-parent\" data-id=\"7ea1b70\" data-element_type=\"container\" data-settings=\"{&quot;background_background&quot;:&quot;classic&quot;}\">\r\n\t\t<div class=\"elementor-element elementor-element-11308020 e-con-full e-flex e-con e-child\" data-id=\"11308020\" data-element_type=\"container\">\r\n\t\t\t\t<div class=\"elementor-element elementor-element-68c23f54 elementor-widget elementor-widget-text-editor\" data-id=\"68c23f54\" data-element_type=\"widget\" data-widget_type=\"text-editor.default\">\n\t\t\t\t<div class=\"elementor-widget-container\">\n\t\t\t\t\t\t\t<p><span style=\"font-size: 20px;\">\u0130zo\u0131s\u0131pol olarak, i\u00e7 ve d\u0131\u015f cephe izolasyon hizmetlerimizle yap\u0131lar\u0131n\u0131z\u0131 daha sa\u011fl\u0131kl\u0131, enerji tasarruflu ve dayan\u0131kl\u0131 hale getiriyoruz. T\u00fcrkiye\u2019nin d\u00f6rt bir yan\u0131nda sundu\u011fumuz bu hizmet, binalar\u0131n\u0131z\u0131n i\u00e7 ve d\u0131\u015f y\u00fczeylerinde \u0131s\u0131, ses ve su yal\u0131t\u0131m\u0131n\u0131 en \u00fcst d\u00fczeye \u00e7\u0131karmay\u0131 hedeflemektedir. Tamamen yerli \u00fcretim olan poli\u00fcretan malzemelerimizi kullanarak, her t\u00fcrl\u00fc mevsim ko\u015fuluna kar\u015f\u0131 dayan\u0131kl\u0131, uzun \u00f6m\u00fcrl\u00fc ve y\u00fcksek performansl\u0131 izolasyon \u00e7\u00f6z\u00fcmleri sunmaktay\u0131z.<\/span><\/p><p><span style=\"font-size: 20px;\">\u0130\u00e7 cephe izolasyonunda, binalar\u0131n i\u00e7 mekanlar\u0131ndaki konforu art\u0131rmak ve enerji kay\u0131plar\u0131n\u0131 minimuma indirmek ama\u00e7lanmaktad\u0131r. \u00d6zellikle k\u0131\u015f aylar\u0131nda \u0131s\u0131tma maliyetlerini d\u00fc\u015f\u00fcrmek ve yaz aylar\u0131nda serin kalmak i\u00e7in i\u00e7 cephe izolasyonu b\u00fcy\u00fck \u00f6nem ta\u015f\u0131r. Bu uygulama, ayn\u0131 zamanda i\u00e7 mekanlarda ses yal\u0131t\u0131m\u0131 sa\u011flayarak d\u0131\u015far\u0131dan gelen g\u00fcr\u00fclt\u00fcleri de engeller.\u00a0<\/span><\/p>\t\t\t\t\t\t<\/div>\n\t\t\t\t<\/div>\n\t\t\t\t<\/div>\n\t\t<div class=\"elementor-element elementor-element-3f0c2eb4 e-con-full e-flex e-con e-child\" data-id=\"3f0c2eb4\" data-element_type=\"container\">\r\n\t\t\t\t<div class=\"elementor-element elementor-element-7b2cb8e1 elementor-widget elementor-widget-image\" data-id=\"7b2cb8e1\" data-element_type=\"widget\" data-widget_type=\"image.default\">\n\t\t\t\t<div class=\"elementor-widget-container\">\n\t\t\t\t\t\t\t\t\t\t\t\t\t<img fetchpriority=\"high\" decoding=\"async\" width=\"1024\" height=\"1024\" src=\"https:\/\/www.izoisipol.com\/wp-content\/uploads\/2022\/03\/3-1.png\" class=\"attachment-large size-large wp-image-4522\" alt=\"\" srcset=\"https:\/\/www.izoisipol.com\/wp-content\/uploads\/2022\/03\/3-1.png 1024w, https:\/\/www.izoisipol.com\/wp-content\/uploads\/2022\/03\/3-1-768x768.png 768w, https:\/\/www.izoisipol.com\/wp-content\/uploads\/2022\/03\/3-1-640x640.png 640w, https:\/\/www.izoisipol.com\/wp-content\/uploads\/2022\/03\/3-1-400x400.png 400w, https:\/\/www.izoisipol.com\/wp-content\/uploads\/2022\/03\/3-1-560x560.png 560w, https:\/\/www.izoisipol.com\/wp-content\/uploads\/2022\/03\/3-1-367x367.png 367w\" sizes=\"(max-width: 1024px) 100vw, 1024px\" \/>\t\t\t\t\t\t\t\t\t\t\t\t\t<\/div>\n\t\t\t\t<\/div>\n\t\t\t\t<\/div>\n\t\t\t\t<\/div>\n\t\t<div class=\"elementor-element elementor-element-2a7140db e-con-full e-flex e-con e-parent\" data-id=\"2a7140db\" data-element_type=\"container\" data-settings=\"{&quot;background_background&quot;:&quot;classic&quot;}\">\r\n\t\t<div class=\"elementor-element elementor-element-7509bd19 e-con-full e-flex e-con e-child\" data-id=\"7509bd19\" data-element_type=\"container\">\r\n\t\t\t\t<div class=\"elementor-element elementor-element-1eae6165 elementor-widget elementor-widget-text-editor\" data-id=\"1eae6165\" data-element_type=\"widget\" data-widget_type=\"text-editor.default\">\n\t\t\t\t<div class=\"elementor-widget-container\">\n\t\t\t\t\t\t\t<p><span style=\"font-size: 20px;\">D\u0131\u015f cephe izolasyonu ise binalar\u0131n\u0131z\u0131n d\u0131\u015f y\u00fczeylerini olumsuz hava ko\u015fullar\u0131na kar\u015f\u0131 koruma alt\u0131na al\u0131rken, enerji verimlili\u011fini de art\u0131r\u0131r. D\u0131\u015f cepheye uygulanan poli\u00fcretan izolasyon, binalar\u0131n \u00f6mr\u00fcn\u00fc uzat\u0131r ve duvarlar\u0131n\u0131z\u0131n d\u0131\u015far\u0131dan gelen nem, ya\u011fmur ve r\u00fczgar gibi etkenlere kar\u015f\u0131 daha dayan\u0131kl\u0131 olmas\u0131n\u0131 sa\u011flar. Ayn\u0131 zamanda bu uygulama, yap\u0131n\u0131n estetik g\u00f6r\u00fcn\u00fcm\u00fcn\u00fc korurken \u0131s\u0131 yal\u0131t\u0131m\u0131 sayesinde i\u00e7 mekanlar\u0131n s\u0131cakl\u0131k dengesini korur.<\/span><\/p><p><span style=\"font-size: 20px;\">\u0130zo\u0131s\u0131pol olarak, i\u00e7 ve d\u0131\u015f cephe izolasyonu alan\u0131nda y\u0131llar\u0131n verdi\u011fi deneyim ve bilgi birikimiyle, m\u00fc\u015fterilerimize en uygun \u00e7\u00f6z\u00fcmleri sunuyoruz. Yerli \u00fcretim poli\u00fcretan malzemelerimizle, binalar\u0131n\u0131z\u0131 daha sa\u011fl\u0131kl\u0131, konforlu ve dayan\u0131kl\u0131 hale getirmek i\u00e7in yan\u0131n\u0131zday\u0131z. Siz de yap\u0131lar\u0131n\u0131zda uzun \u00f6m\u00fcrl\u00fc ve y\u00fcksek performansl\u0131 izolasyon \u00e7\u00f6z\u00fcmleri ar\u0131yorsan\u0131z, \u0130zo\u0131s\u0131pol\u2019un uzman ekibine g\u00fcvenebilirsiniz.<\/span><\/p>\t\t\t\t\t\t<\/div>\n\t\t\t\t<\/div>\n\t\t\t\t<\/div>\n\t\t<div class=\"elementor-element elementor-element-1819c258 e-con-full e-flex e-con e-child\" data-id=\"1819c258\" data-element_type=\"container\">\r\n\t\t\t\t<div class=\"elementor-element elementor-element-737c840d elementor-widget elementor-widget-image\" data-id=\"737c840d\" data-element_type=\"widget\" data-widget_type=\"image.default\">\n\t\t\t\t<div class=\"elementor-widget-container\">\n\t\t\t\t\t\t\t\t\t\t\t\t\t<img decoding=\"async\" width=\"1024\" height=\"1024\" src=\"https:\/\/www.izoisipol.com\/wp-content\/uploads\/2022\/03\/4-1.png\" class=\"attachment-large size-large wp-image-4523\" alt=\"\" srcset=\"https:\/\/www.izoisipol.com\/wp-content\/uploads\/2022\/03\/4-1.png 1024w, https:\/\/www.izoisipol.com\/wp-content\/uploads\/2022\/03\/4-1-768x768.png 768w, https:\/\/www.izoisipol.com\/wp-content\/uploads\/2022\/03\/4-1-640x640.png 640w, https:\/\/www.izoisipol.com\/wp-content\/uploads\/2022\/03\/4-1-400x400.png 400w, https:\/\/www.izoisipol.com\/wp-content\/uploads\/2022\/03\/4-1-560x560.png 560w, https:\/\/www.izoisipol.com\/wp-content\/uploads\/2022\/03\/4-1-367x367.png 367w\" sizes=\"(max-width: 1024px) 100vw, 1024px\" \/>\t\t\t\t\t\t\t\t\t\t\t\t\t<\/div>\n\t\t\t\t<\/div>\n\t\t\t\t<\/div>\n\t\t\t\t<\/div>\n\t\t\t\t<\/div>\n\t\t","protected":false},"excerpt":{"rendered":"<p>\u0130\u00c7 VE DI\u015e CEPHE \u0130ZOLASYONU \u0130zo\u0131s\u0131pol olarak, i\u00e7 ve d\u0131\u015f cephe izolasyon hizmetlerimizle yap\u0131lar\u0131n\u0131z\u0131 daha sa\u011fl\u0131kl\u0131, enerji tasarruflu ve dayan\u0131kl\u0131 hale getiriyoruz. T\u00fcrkiye\u2019nin d\u00f6rt bir yan\u0131nda sundu\u011fumuz bu hizmet, binalar\u0131n\u0131z\u0131n i\u00e7 ve d\u0131\u015f y\u00fczeylerinde \u0131s\u0131, ses ve su yal\u0131t\u0131m\u0131n\u0131 en \u00fcst d\u00fczeye \u00e7\u0131karmay\u0131 hedeflemektedir. Tamamen yerli \u00fcretim olan poli\u00fcretan malzemelerimizi kullanarak, her t\u00fcrl\u00fc mevsim ko\u015fuluna [&hellip;]<\/p>\n","protected":false},"author":1,"featured_media":0,"parent":0,"menu_order":0,"comment_status":"closed","ping_status":"closed","template":"","meta":{"_monsterinsights_skip_tracking":false,"_monsterinsights_sitenote_active":false,"_monsterinsights_sitenote_note":"","_monsterinsights_sitenote_category":0,"footnotes":""},"class_list":["post-4520","page","type-page","status-publish","hentry"],"_links":{"self":[{"href":"https:\/\/www.izoisipol.com\/index.php\/wp-json\/wp\/v2\/pages\/4520","targetHints":{"allow":["GET"]}}],"collection":[{"href":"https:\/\/www.izoisipol.com\/index.php\/wp-json\/wp\/v2\/pages"}],"about":[{"href":"https:\/\/www.izoisipol.com\/index.php\/wp-json\/wp\/v2\/types\/page"}],"author":[{"embeddable":true,"href":"https:\/\/www.izoisipol.com\/index.php\/wp-json\/wp\/v2\/users\/1"}],"replies":[{"embeddable":true,"href":"https:\/\/www.izoisipol.com\/index.php\/wp-json\/wp\/v2\/comments?post=4520"}],"version-history":[{"count":7,"href":"https:\/\/www.izoisipol.com\/index.php\/wp-json\/wp\/v2\/pages\/4520\/revisions"}],"predecessor-version":[{"id":4608,"href":"https:\/\/www.izoisipol.com\/index.php\/wp-json\/wp\/v2\/pages\/4520\/revisions\/4608"}],"wp:attachment":[{"href":"https:\/\/www.izoisipol.com\/index.php\/wp-json\/wp\/v2\/media?parent=4520"}],"curies":[{"name":"wp","href":"https:\/\/api.w.org\/{rel}","templated":true}]}}